4*c**3 - 311*c**2 + 85*c + 597. Calculate m(-78).
51
Let o(h) = 174*h + 3100. Give o(-18).
-32
Let g(b) = -2*b**2 - 300*b - 6957. Calculate g(-121).
61
Let l(n) = -2*n**3 + 2405*n**2 + 65129*n + 9831. Calculate l(1229).
-1
Let l(h) = -3178*h - 11943. Calculate l(-5).
3947
Let x(u) = 14*u**3 - 293*u**2 - 39*u + 387. What is x(21)?
9
Let l(c) = c**2 - 365*c + 4066. Give l(11).
172
Let h(g) = 41*g**3 + g**2 + 785*g + 784. Give h(-1).
-41
Let w(b) = -b**3 - 179*b**2 + 338*b - 4272. What is w(-181)?
72
Let n(o) = 24411*o - 73210. Calculate n(3).
23
Let u(a) = -2242*a**2 + 38160*a - 757. Calculate u(17).
25
Let b(k) = -k**3 - 198*k**2 + 3*k + 534. Give b(-198).
-60
Let g(u) = -100*u**2 - 167*u - 120. What is g(-4)?
-1052
Let t(f) = -1746*f + 22708. What is t(13)?
10
Let h(j) = -j**2 - 3003*j - 492263. Determine h(-174).
-17
Let z(g) = -6*g**2 - 5253*g - 85041. What is z(-859)?
0
Let r(m) = 2087*m + 206536. What is r(-99)?
-77
Let w(q) = 7487*q + 7466. What is w(-1)?
-21
Let v(u) = u**3 - 100*u**2 + 2302*u + 197. Determine v(64).
69
Let k(o) = -o**3 - 232*o**2 + 2320*o - 228. What is k(10)?
-1228
Let l(s) = s**2 - 269*s + 17660. Give l(104).
500
Let u(x) = -2*x**3 + 140*x**2 + 3368*x + 1266. What is u(89)?
20
Let s(w) = -29*w**3 - 321*w**2 - 19*w - 21. Determine s(-11).
-54
Let r(o) = 17*o**2 + 4032*o + 16538. Give r(-233).
-5
Let i(n) = 7*n**3 - 858*n**2 + 493*n - 573. Determine i(122).
37
Let v(w) = w**3 + 114*w**2 - 597*w - 91940. Determine v(-112).
12
Let s(i) = 3*i**2 + 1696*i + 11723. Calculate s(-7).
-2
Let p(z) = -2*z**2 - 1131*z + 6754. Give p(6).
-104
Let g(f) = -f**3 + 53*f**2 + 60*f + 2735. Calculate g(55).
-15
Let n(v) = v**2 - 200*v - 23490. Give n(-83).
-1
Let o(y) = -y**3 - 44*y**2 - 110*y + 2179. Determine o(-40).
179
Let v(p) = p**3 - 396*p**2 + 388*p + 2802. Give v(395).
37
Let x(u) = -2*u**3 + 47*u**2 - 380*u + 1047. What is x(7)?
4
Let u(j) = -j**2 + 603*j + 6919. Determine u(-11).
165
Let b(j) = -1680*j - 35449. Calculate b(-21).
-169
Let a(u) = -47*u**2 + 262*u - 82. Calculate a(5).
53
Let u(s) = -2006*s + 67560. Give u(33).
1362
Let i(a) = 780*a + 32511. Give i(-41).
531
Let x(v) = -v**3 - 24*v**2 + 2799*v + 75241. Calculate x(-28).
5
Let f(v) = 394*v + 10614. Calculate f(-33).
-2388
Let g(f) = -22*f**2 - 7681*f - 23880. Determine g(-346).
-6
Let d(k) = 2*k**3 - 66*k**2 - 976*k + 158. Determine d(44).
-194
Let a(q) = -q**2 + 472*q - 52065. Determine a(296).
31
Let t(u) = 293*u**2 + 1758*u - 9. Determine t(-6).
-9
Let x(s) = -s**3 + 14*s**2 - 67*s + 1417. Give x(14).
479
Let s(t) = -82756*t - 82761. Calculate s(-1).
-5
Let s(i) = 2*i**2 - 583*i + 7489. Determine s(277).
-544
Let l(k) = -k**3 + k**2 + 31*k - 460. Give l(9).
-829
Let p(m) = 10*m**2 - 64*m + 850. Determine p(11).
1356
Let v(h) = -20271*h + 1439237. What is v(71)?
-4
Let l(r) = 2*r**3 - 32*r**2 + 79*r - 102. Calculate l(14).
220
Let l(f) = -2*f**3 - 1276*f**2 - 6449*f - 75352. Determine l(-633).
-25
Let u(m) = m**2 + 45*m - 1940. Determine u(22).
-466
Let b(z) = -310*z + 10931. Calculate b(35).
81
Let f(d) = -d**3 - 29*d**2 - 200*d + 88. Calculate f(-13).
-16
Let f(s) = 98949*s + 3067419. What is f(-31)?
0
Let a(b) = -1136*b - 5993. Give a(-6).
823
Let l(o) = 4145*o - 1392724. Calculate l(336).
-4
Let a(i) = 13*i**3 - 2609*i**2 + 1797*i + 23. What is a(200)?
-577
Let m(s) = 13110*s - 1363427. What is m(104)?
13
Let s(j) = -14*j**2 + 7732*j - 141851. Determine s(19).
3
Let s(l) = 2*l**3 - 316*l**2 + 76*l + 37539. What is s(157)?
173
Let v(n) = 1783*n + 251434. Give v(-141).
31
Let f(y) = 543*y - 24951. What is f(43)?
-1602
Let x(g) = -53*g**2 + 23645*g - 47287. Give x(2).
-209
Let c(u) = -209*u - 3766. Calculate c(-17).
-213
Let r(u) = -1824*u + 8438. Give r(5).
-682
Let c(f) = 319*f + 7272. Calculate c(-22).
254
Let t(a) = a**3 + 41*a**2 - a - 2326. Calculate t(-41).
-2285
Let i(b) = b**3 + 812*b**2 + 7920*b - 44. What is i(-10)?
956
Let s(c) = 19975*c - 19967. What is s(1)?
8
Let b(j) = 1885*j**2 - 9320*j - 526. Calculate b(5).
-1
Let t(q) = 888*q - 13370. Determine t(15).
-50
Let f(q) = -28*q**3 + 111*q**2 - 174*q - 6. Calculate f(2).
-134
Let y(c) = 15474*c - 232468. What is y(15)?
-358
Let d(v) = 4*v**2 - 1435*v - 14684. Give d(368).
-1068
Let h(q) = 22*q**2 - 73743*q + 73742. Give h(1).
21
Let w(a) = a**3 + 5*a**2 + 55*a + 13. Give w(0).
13
Let u(q) = -1895*q - 11345. What is u(-6)?
25
Let n(t) = t**3 + 352*t**2 + 3758*t + 2032. What is n(-341)?
-355
Let s(h) = h**2 - 2532*h - 25357. Give s(-10).
63
Let v(h) = 9*h**2 + 2133*h + 14485. Give v(-7).
-5
Let x(p) = p**3 + 50*p**2 - 771*p + 239. What is x(12)?
-85
Let s(r) = -30004*r + 270073. Determine s(9).
37
Let u(p) = -74*p + 3559. What is u(50)?
-141
Let m(q) = -4*q**2 - 284*q - 823. What is m(-3)?
-7
Let v(i) = -170*i**2 + 1243*i + 2499. What is v(-2)?
-667
Let u(n) = -1187*n - 20569. Determine u(-18).
797
Let h(s) = -5600*s + 268801. Calculate h(48).
1
Let l(r) = r**3 - 18*r**2 - 28*r - 259. Give l(20).
-19
Let m(a) = a**3 - 63*a**2 + 538*a + 427. Calculate m(11).
53
Let b(d) = 119*d**2 + 11187*d + 57. Determine b(-94).
-37
Let i(v) = 88*v**2 + 94*v - 308. Determine i(3).
766
Let q(u) = 1192*u - 224115. Give q(188).
-19
Let a(q) = -6*q**3 + 133*q**2 - 586*q - 77. Determine a(16).
19
Let b(j) = j**3 + 2*j**2 - 10038*j - 69982. What is b(-7)?
39
Let o(z) = 1804*z + 732. Determine o(4).
7948
Let h(a) = 781776*a - 10163092. Give h(13).
-4
Let g(m) = 4*m**3 + 241*m**2 + 2505*m + 701. Determine g(-47).
43
Let g(k) = -4721*k - 57367. Calculate g(-12).
-715
Let t(v) = v**2 - 8476*v + 278671. Determine t(33).
52
Let v(u) = 9148*u + 1381356. What is v(-151)?
8
Let o(x) = 19*x**2 + 36107*x + 36108. Calculate o(-1).
20
Let p(d) = -791*d + 6307. Give p(8).
-21
Let k(g) = 3*g**2 + 440*g - 10733. Determine k(-179).
6630
Let o(w) = -98*w + 4661. Calculate o(7).
3975
Let m(l) = -821054*l - 4926335. Determine m(-6).
-11
Let a(h) = 4163*h + 961734. Give a(-231).
81
Let x(s) = -186*s + 1911. Give x(15).
-879
Let n(h) = -92*h - 45045. Give n(-491).
127
Let x(z) = 15518*z - 636307. Calculate x(41).
-69
Let m(h) = 8794*h**2 - 8767*h - 9. What is m(1)?
18
Let v(i) = 347*i - 1433. Calculate v(6).
649
Let n(f) = f**3 - 37*f**2 - 31*f - 349. What is n(39)?
1484
Let m(p) = 82244*p + 8717864. Determine m(-106).
0
Let a(c) = 189910*c - 759638. What is a(4)?
2
Let b(r) = r**3 - 7*r**2 - 970*r + 10183. What is b(11)?
-3
Let d(l) = -2*l**3 + 6*l**2 + 1958*l - 456. What is d(-30)?
204
Let t(k) = 3*k**2 + 1263*k + 71886. Give t(-68).
-126
Let u(b) = -1239*b - 253984. Calculate u(-205).
11
Let b(l) = 3*l**2 - 147*l + 351. Give b(50).
501
Let p(j) = -4504*j - 4550. Determine p(-1).
-46
Let y(q) = q**3 - 28*q**2 - 267*q + 2060. Give y(34).
-82
Let h(r) = -728*r + 80690. Determine h(111).
-118
Let u(h) = 3562*h**2 + 81931*h + 114. Give u(-23).
-1
Let m(q) = q**2 - 32*q - 775. Calculate m(-28).
905
Let p(h) = h**2 + 8286*h - 2204398. Determine p(258).
-46
Let a(f) = 13800*f - 745354. What is a(54)?
-154
Let c(i) = -63*i**2 + 226*i + 52. What is c(-3)?
-1193
Let q(a) = a**2 + 16*a - 1218. What is q(-53)?
743
Let l(z) = -z**2 - 16*z + 358. Determine l(-32).
-154
Let b(g) = 2*g**3 + 245*g**2 - 604*g + 2611. Calculate b(-125).
-14
Let d(b) = -444*b**2 + 6653*b + 134. Determine d(15).
29
Let i(j) = -36*j + 711. Give i(27).
-261
Let y(q) = -q**2 - 7546*q + 136156. Calculate y(18).
4
Let i(c) = 10*c**2 - 4464*c + 6217. Give i(445).
-13
Let s(v) = -4919*v + 118234. Calculate s(24).
178
Let x(j) = -j**3 + 11*j**2 + 654*j - 1354. What is x(2)?
-10
Let x(n) = -53*n**2 + 1415*n + 1976. Calculate x(28).
44
Let s(g) = g**3 + 42*g**2 - 6615*g + 1. Give s(-105).
1
Let f(v) = -2*v**2 + 8732*v + 576037. Give f(-65).
7
Let r(g) = 14*g**3 - 198*g**2 - 176*g - 60. What is r(15)?
0
Let r(u) = 787*u**2 + 1681*u + 4. What is r(-2)?
-210
Let a(x) = 762*x + 1438. What is a(-2)?
-86
Let f(i) = -i**2 - 735*i + 3697. Give f(5).
-3
Let z(u) = -u**2 - 6851*u - 5860699. What is z(-1002)?
-1
Let t(o) = -o**3 + 19*o**2 + 438*o + 1652. What is t(-9)?
-22
Let x(n) = 7*n**2 + 10*n - 140. Give x(10).
660
Let m(v) = -v**3 - 89*v**2 - 74*v - 208. Calculate m(-88).
-1440
Let c(s) = -3*s**3 + 80*s**2 + 34*s + 55. What is c(27)?
244
Let a(u) = 117031*u - 3627965. Determine a(31).
-4
L